 8121608?
41
What is the highest common divisor of 286134 and 1371406?
926
What is the greatest common divisor of 7946176 and 5184?
64
Calculate the highest common divisor of 6 and 16745772.
6
Calculate the greatest common divisor of 5911799 and 933.
311
What is the greatest common factor of 60 and 18593835?
15
Calculate the highest common divisor of 586425 and 11361.
21
Calculate the highest common divisor of 3131217 and 216891.
783
What is the greatest common divisor of 11490604 and 15064?
1076
Calculate the highest common divisor of 1558560 and 131410.
170
Calculate the highest common divisor of 13508 and 3913022.
614
What is the highest common factor of 57281 and 1092681?
167
Calculate the greatest common factor of 161029380 and 160.
20
What is the greatest common divisor of 2148830 and 70?
10
Calculate the highest common divisor of 60 and 168114030.
30
Calculate the greatest common factor of 4307 and 16785736.
59
What is the highest common divisor of 660188 and 4?
4
What is the highest common factor of 1676 and 1589267?
419
What is the highest common factor of 1952 and 41865032?
488
What is the greatest common factor of 705669 and 57936?
213
What is the greatest common factor of 33190234 and 231?
77
Calculate the highest common divisor of 4 and 12808628.
4
What is the highest common factor of 4060 and 81865?
35
What is the greatest common divisor of 85 and 923430735?
85
Calculate the highest common factor of 18437 and 1224052.
103
Calculate the highest common divisor of 224 and 23010496.
32
What is the greatest common factor of 4200 and 219096600?
600
What is the highest common divisor of 115292 and 127909?
37
Calculate the highest common factor of 3285378 and 354.
6
Calculate the highest common factor of 5808880 and 12650.
2530
Calculate the highest common divisor of 3775 and 34805.
5
What is the highest common divisor of 162 and 3654702?
18
Calculate the highest common factor of 247506 and 280734.
426
What is the highest common factor of 4199 and 7536559?
323
What is the greatest common factor of 410 and 20527470?
410
Calculate the greatest common factor of 6239946 and 6798.
618
Calculate the greatest common factor of 1286184 and 1112.
8
What is the highest common factor of 48231036 and 1806?
1806
What is the highest common divisor of 195 and 2031432?
39
What is the highest common divisor of 89000461 and 4202?
2101
What is the greatest common divisor of 60775 and 5967?
221
What is the highest common factor of 113 and 103216573?
113
Calculate the greatest common divisor of 3406 and 6755801.
1703
Calculate the highest common divisor of 32157 and 772011.
81
Calculate the greatest common divisor of 15328307 and 1969.
179
Calculate the highest common divisor of 6785578 and 3478.
3478
Calculate the greatest common divisor of 684 and 195566886.
342
What is the greatest common factor of 486 and 320515650?
54
What is the greatest common divisor of 24948587 and 3812?
953
What is the highest common factor of 303810 and 603915?
3705
Calculate the highest common factor of 78336465 and 2670.
1335
Calculate the greatest common factor of 15776 and 1029152.
928
What is the greatest common divisor of 19 and 6658230?
1
Calculate the greatest common factor of 1604510 and 3360760.
2810
Calculate the greatest common divisor of 435 and 9185315.
145
Calculate the highest common divisor of 680 and 151575604.
68
What is the greatest common divisor of 85455 and 2351595?
3165
What is the highest common factor of 22990 and 219736?
242
What is the greatest common factor of 340 and 1293260?
20
What is the greatest common factor of 14 and 29830738?
14
Calculate the greatest common factor of 773075 and 380035.
1445
Calculate the greatest common divisor of 202071315 and 21075.
4215
What is the highest common factor of 707 and 42714?
7
Calculate the greatest common factor of 58 and 696672510.
58
Calculate the highest common divisor of 22914 and 238146.
114
What is the greatest common divisor of 3111 and 101086638?
183
Calculate the highest common divisor of 895 and 753455571.
179
What is the greatest common divisor of 2386462 and 1937?
13
Calculate the highest common factor of 81693 and 12905.
29
What is the greatest common divisor of 351126016 and 2048?
512
What is the greatest common divisor of 10214325 and 10?
5
Calculate the highest common factor of 234 and 10784553.
39
Calculate the highest common divisor of 121044 and 19093512.
1572
What is the greatest common divisor of 94748829 and 63?
21
What is the greatest common factor of 716870 and 602?
14
Calculate the highest common divisor of 37077 and 48958361.
727
What is the greatest common divisor of 984 and 46330779?
123
What is the greatest common divisor of 2037332 and 32395?
209
What is the greatest common factor of 33518447 and 97?
97
What is the highest common factor of 84295409 and 4917?
1639
What is the greatest common factor of 2570383 and 94?
47
What is the greatest common divisor of 5764801 and 26411?
2401
Calculate the highest common factor of 1028014 and 8398.
494
What is the highest common divisor of 56849312 and 1248?
416
Calculate the greatest common factor of 29749 and 6563.
1
What is the greatest common factor of 979 and 49434?
11
What is the greatest common factor of 287 and 50442464?
41
Calculate the greatest common factor of 404 and 21603698.
202
What is the greatest common factor of 39197750 and 29750?
4250
What is the highest common factor of 3465 and 23052645?
3465
What is the greatest common divisor of 5257 and 162812294?
751
What is the greatest common factor of 9189 and 2718?
9
What is the highest common factor of 23 and 529?
23
Calculate the highest common factor of 1926 and 265039.
107
Calculate the highest common divisor of 28485504 and 672.
96
What is the highest common factor of 2398 and 1758497?
109
What is the highest common divisor of 44154 and 13178?
22
What is the highest common divisor of 18269524 and 650?
26
What is the greatest common factor of 14632074 and 90?
18
What is the highest common factor of 40467246 and 738?
246
What is the greatest common factor of 47414836 and 51?
17
Calculate the greatest common divisor of 183628 and 12.
4
What is the highest common factor of 252495 and 55180?
155
What is the highest common factor of 3276 and 20431814?
26
What is the greatest common factor of 43077592 and 124100?
4964
What is the highest common factor of 2129 and 202470029?
2129
What is the highest common factor of 12601645 and 35505?
1315
What is the greatest common divisor of 15260 and 1438325?
35
What is the greatest common divisor of 24822 and 427266?
126
What is the greatest common factor of 3307655 and 390?
65
Calculate the greatest common divisor of 20 and 37458716.
4
What is the greatest common divisor of 1852245 and 9405?
45
What is the highest common divisor of 191025 and 116775?
675
Calculate the highest common factor of 9225 and 49905.
45
What is the greatest common divisor of 10367 and 691627?
1481
Calculate the highest common divisor of 114 and 4451082.
6
Calculate the greatest common factor of 8658050 and 344.
86
What is the greatest common divisor of 19878312 and 24?
24
Calculate the highest common divisor of 5135764 and 4.
4
What is the greatest common factor of 64232137 and 3281?
3281
What is the highest common factor of 1340 and 204234090?
670
Calculate the highest common factor of 15638154 and 1323.
147
What is the greatest common divisor of 126916 and 50?
2
What is the highest common factor of 16772371 and 539?
77
Calculate the greatest common divisor of 8 and 403465204.
4
Calculate the highest common factor of 1665 and 1134246285.
1665
Calculate the highest common factor of 350920 and 39308.
124
What is the highest common divisor of 33220422 and 4248?
1062
Calculate the greatest common divisor of 12356229 and 1836.
51
What is the highest common divisor of 185389814 and 2386?
2386
What is the highest common divisor of 205424 and 23249?
347
What is the highest common divisor of 20314 and 1189524?
14
What is the greatest common divisor of 111532293 and 55395?
11079
Calculate the highest common divisor of 42103020 and 645.
645
What is the highest common factor of 34320 and 116115285?
2145
What is the highest common factor of 4572178 and 20?
2
Calculate the gre